12321 (base 4) to base 16
1b9
What is 3506 (base 9) in base 6?
20010
What is 6854 (base 11) in base 9?
13324
-27 (base 14) to base 12
-2b
Convert 102102 (base 3) to base 7.
620
110001000 (base 2) to base 9
475
-793 (base 12) to base 16
-45f
-1031113 (base 4) to base 14
-1b39
What is -10111011 (base 2) in base 7?
-355
-1340 (base 6) to base 14
-1ac
Convert 10141 (base 11) to base 9.
22272
Convert 1817 (base 11) to base 4.
210031
Convert -424a (base 16) to base 4.
-10021022
Convert -bad (base 16) to base 4.
-232231
-20512 (base 6) to base 4
-223130
-101100100001110 (base 2) to base 13
-a4b9
What is -2116 (base 9) in base 4?
-120102
52011 (base 6) to base 15
20b4
Convert 398 (base 12) to base 2.
1000100100
2230414 (base 5) to base 14
10564
-32ee (base 16) to base 15
-3ce3
What is 9671 (base 11) in base 14?
4931
304 (base 7) to base 16
97
Convert 123140 (base 7) to base 2.
101100010111011
-1737 (base 10) to base 7
-5031
What is 23103 (base 7) in base 9?
8056
-4074 (base 8) to base 4
-200330
Convert -401 (base 14) to base 13.
-485
What is 202021 (base 3) in base 2?
1000100011
-11011001100001 (base 2) to base 4
-3121201
cc7 (base 13) to base 16
88f
Convert -ca22 (base 16) to base 10.
-51746
Convert 4670 (base 11) to base 10.
6127
What is -13663 (base 10) in base 8?
-32537
Convert 11131 (base 5) to base 12.
55b
Convert -12859 (base 12) to base 14.
-9393
Convert 3743 (base 10) to base 13.
191c
What is -1120 (base 3) in base 15?
-2c
-2165 (base 7) to base 8
-1416
Convert 2501 (base 9) to base 4.
131020
What is -120121112 (base 3) in base 7?
-45116
What is 18707 (base 12) in base 3?
1210210121
Convert 6535 (base 9) to base 10.
4811
-4854 (base 10) to base 4
-1023312
Convert 13ce (base 15) to base 4.
1002110
Convert 22100 (base 5) to base 13.
904
What is 1130013 (base 4) in base 14?
2211
What is 234443 (base 5) in base 2?
10001000101100
Convert -1545 (base 7) to base 5.
-4441
-10111111110011 (base 2) to base 15
-3985
2652 (base 8) to base 2
10110101010
Convert -1412 (base 5) to base 6.
-1024
-11111010010010 (base 2) to base 6
-202054
Convert 1302003 (base 4) to base 14.
2935
Convert 101010110111 (base 2) to base 5.
41433
What is -5ac7 (base 15) in base 3?
-222111021
What is 2057 (base 8) in base 2?
10000101111
What is 4401 (base 7) in base 11?
11a7
Convert 170 (base 10) to base 3.
20022
What is 35013 (base 11) in base 10?
50592
What is 3917 (base 11) in base 15?
17a0
Convert 2340 (base 6) to base 15.
279
Convert -5d (base 15) to base 8.
-130
What is 4215 (base 15) in base 2?
11011010010010
What is 3895 (base 10) in base 13?
1a08
Convert 4766 (base 8) to base 13.
1212
Convert -8e1e (base 15) to base 6.
-351415
What is 10000000001010 (base 2) in base 11?
6187
28b (base 15) to base 2
1001000101
What is -bcb (base 15) in base 4?
-221222
What is 1a5 (base 15) in base 9?
462
Convert 33300 (base 4) to base 11.
837
What is 220000 (base 4) in base 13?
121c
3490 (base 14) to base 5
243032
Convert 10001111011 (base 2) to base 12.
7b7
Convert -121242 (base 5) to base 11.
-3487
What is 11111011010 (base 2) in base 15?
8e0
What is 12000023 (base 4) in base 5?
1241322
What is 874 (base 13) in base 8?
2647
What is 1522 (base 15) in base 2?
1000110110100
Convert -3006 (base 8) to base 12.
-a86
7b (base 13) to base 2
1100110
404e (base 15) to base 13
6242
What is -80b (base 15) in base 13?
-a94
Convert 1c86 (base 16) to base 3.
101000110
7829 (base 15) to base 13
b78a
What is -312233 (base 4) in base 8?
-6657
What is 36204 (base 7) in base 12?
5503
What is -10704 (base 9) in base 16?
-1bdc
Convert 52c (base 14) to base 9.
1353
Convert 14723 (base 9) to base 5.
310230
-61 (base 15) to base 13
-70
Convert -5857 (base 13) to base 2.
-11000001111001
12d (base 14) to base 12
179
What is -727 (base 10) in base 14?
-39d
Convert 1212002221 (base 3) to base 6.
441041
What is 38b3 (base 12) in base 16?
1947
Convert -1547 (base 9) to base 8.
-2231
Convert 212120210 (base 3) to base 5.
1022233
-1100111011101010 (base 2) to base 9
-80585
Convert -12 (base 13) to base 15.
-10
Convert -233 (base 5) to base 7.
-125
-16660 (base 7) to base 13
-224b
Convert -1737 (base 13) to base 12.
-1b96
What is -1403 (base 10) in base 9?
-1828
What is -2211101102 (base 3) in base 4?
-31212011
24763 (base 8) to base 2
10100111110011
Convert 7 (base 10) to base 5.
12
What is 34b2 (base 16) in base 7?
54221
What is 4563 (base 10) in base 8?
10723
Convert -2649 (base 11) to base 15.
-1046
What is -41 (base 15) in base 6?
-141
Convert 476 (base 8) to base 6.
1250
What is -3897 (base 10) in base 9?
-5310
Convert -3531 (base 8) to base 3.
-2120200
Convert 2302144 (base 5) to base 7.
230212
What is -312201 (base 4) in base 10?
-3489
-1110001011101 (base 2) to base 5
-213021
34582 (base 10) to base 7
202552
What is -5379 (base 15) in base 5?
-1031124
Convert e5 (base 15) to base 11.
186
Convert -23615 (base 8) to base 16.
-278d
-58b (base 12) to base 2
-1100111011
-53765 (base 9) to base 6
-432522
46062 (base 8) to base 3
222202110
What is -3405 (base 9) in base 12?
-1558
-42 (base 15) to base 3
-2022
Convert -927 (base 13) to base 9.
-2116
Convert -77b (base 13) to base 5.
-20120
-10000111000010 (base 2) to base 15
-2862
-bb (base 12) to base 11
-120
-232 (base 12) to base 8
-506
Convert -907 (base 13) to base 16.
-5f8
What is a3 (base 15) in base 7?
306
-11303 (base 5) to base 16
-33c
Convert 215a (base 12) to base 7.
13462
What is -68 (base 13) in base 15?
-5b
b52 (base 16) to base 4
231102
Convert 22030 (base 4) to base 9.
804
1241 (base 7) to base 3
122102
-65640 (base 7) to base 14
-5dc7
-2112132 (base 5) to base 11
-24574
What is -2000002 (base 3) in base 16?
-5b4
-14167 (base 9) to base 12
-5697
What is -1630 (base 8) in base 5?
-12140
What is -1031105 (base 6) in base 5?
-3111201
What is 10004 (base 8) in base 9?
5555
What is 26175 (base 10) in base 5?
1314200
What is 14151 (base 6) in base 13?
1024
29 (base 14) to base 4
211
3dc (base 15) to base 2
1101110010
11230 (base 6) to base 16
642
What is 62 (base 11) in base 10?
68
Convert 9512 (base 12) to base 4.
3332132
What is 18b6 (base 12) in base 15?
d63
What is -1324322 (base 5) in base 13?
-c2a5
Convert 79 (base 15) to base 2.
1110010
What is 446 (base 14) in base 13?
501
-43625 (base 7) to base 16
-2ac2
Convert b820 (base 12) to base 8.
47330
Convert -22252 (base 9) to base 10.
-14789
-4637 (base 10) to base 13
-2159
-5706 (base 9) to base 3
-12210020
What is 1000010100010101 (base 2) in base 7?
201220
-6ca (base 13) to base 5
-14210
20275 (base 11) to base 10
29606
Convert -22121010 (base 3) to base 10.
-6267
What is -2c7 (base 16) in base 6?
-3143
-1757 (base 8) to base 16
-3ef
-d4b (base 16) to base 15
-101d
Convert -130023 (base 4) to base 10.
-1803
What is ba18 (base 13) in base 12?
12b86
379 (base 13) to base 4
21133
-15516 (base 11) to base 6
-245250
What is 312132 (base 4) in base 5?
102421
What is -732b (base 12) in base 11?
-9491
18525 (base 14) to base 12
2b631
-1110111000110 (base 2) to base 5
-220442
What is 22122 (base 4) in base 9?
820
What is -3114 (base 5) in base 3?
-120011
What is 154232 (base 6) in base 11?
1047a
What is -10b17 (base 12) in base 13?
-a225
-354431 (base 6) to base 7
-155620
Convert -360c (base 15) to base 16.
-2cdf
2430 (base 9) to base 13
a92
What is 44578 (base 9) in base 7?
152255
1141 (base 8) to base 4
21201
What is -3023 (base 13) in base 8?
-14734
232220 (base 5) to base 4
2003303
Convert -3459 (base 12) to base 4.
-1123011
-130 (base 7) to base 13
-55
Convert -5e6 (base 16) to base 4.
-113212
3244 (base 5) to base 16
1c1
271 (base 15) to base 11
466
42666 (base 7) to base 6
121120
Convert 13b5b (base 12) to base 9.
41738
Convert 11201002 (base 3) to base 4.
311213
What is -1000011011000 (base 2) in base 3?
-12220201
1001 (base 5) to base 6
330
Convert -209 (base 10) to base 6.
-545
What is 2012220 (base 3) in base 12?
b29
Convert -42223 (base 6) to base 16.
-1647
Convert -233012 (base 4) to base 5.
-44024
1885 (base 11) to base 7
6655
-39b3 (base 15) to base 3
-121220020
111715 (base 8) to base 9
56811
-34138 (base 9) to base 10
-22715
-d88 (base 14) to base 3
-10122211
What is 15578 (base 9) in base 5?
320212
Convert -2376 (base 15) to base 16.
-1d70
What is 1042342 (base 6) in base 8?
146266
Convert